n = 16 + i. What is the hundreds digit of n?
1
Let i(v) = v**2 + 6*v - 4. Let o = -30 - -32. Let j be i(o). What is the tens digit of (-4)/(j/(-165)) - (3 + 1)?
5
Let o be 16/(-10)*(-125)/50. What is the units digit of (278 - o) + 4/(0 + 4)?
5
Suppose 21*n + 6 = 19*n. Let t be (3/3)/(n/450*-1). Suppose 0*s - t = -2*s. What is the units digit of s?
5
Let m(g) = g**3 + 8*g**2 + 8*g + 13. Let s(a) = 2*a**3 + a**2 + 3*a + 3. Let p be s(-1). Let f be (-7)/(p + (-2 - -4)). What is the units digit of m(f)?
6
Suppose -24560 = -12*p + 43492. What is the hundreds digit of p?
6
Let p(u) = 8*u**2 - 9*u - 2. Let q be p(-6). Let y = q + -277. What is the tens digit of y?
6
Let a(k) = -k**3 - 18*k**2 - 23*k - 16. Suppose -13*j - 36 = -11*j. What is the units digit of a(j)?
8
Suppose -2529*x + 2584*x - 425865 = 0. What is the tens digit of x?
4
What is the ten thousands digit of (36/(-20))/(-9) + (-1)/(25/(-427695))?
1
Suppose 4*j + 3*n - 1912 = 0, 2*j + 4*n - 571 = 375. Let c = j - 136. What is the tens digit of c?
4
Suppose 466*m + 31906 = 459*m. What is the tens digit of 9 - (-52)/(-6) - m/6?
6
Suppose 0 = -4*a - 2*r + 10454, 4*r + 10460 = -7*a + 11*a. Let t = a + -1381. What is the tens digit of t?
3
Suppose -4*o - p + 4 = -9, -15 = -5*o - p. Suppose 3*t + o*m + 1 = 0, -5*t - 4*m + 5 - 10 = 0. What is the tens digit of -3 + t + -1 + 55 + 6?
6
Let r(u) = 7*u - 1. Let a(l) = -l + 1. Let k(o) = 18*a(o) + 2*r(o). Let w be k(4). Suppose -2*j + w = 4, 4*j = 5*n - 78. What is the tens digit of n?
1
Let b(a) = 60*a - 3. Let q(h) = 121*h - 7. Let z(y) = -5*b(y) + 2*q(y). Let k be z(-3). What is the units digit of (8/10)/(10/k)?
4
Let p be 101*(26 + 4 + -3). Suppose p - 855 = 9*d. What is the hundreds digit of d?
2
Let a(u) = -130*u + 70. Let r be a(-4). Let s = 374 + r. What is the tens digit of s?
6
Suppose 4*b + 119 + 284 = -r, 0 = b + 2*r + 99. Let c = 251 - b. What is the units digit of c?
2
Suppose -339 = -13*g + 181. Suppose -g*o = -27*o - 4589. What is the tens digit of o?
5
Let h(x) = 394*x**3 - 5*x**2 + 4*x - 3. Let n(o) = 4*o**3 + 20*o**2 + 2*o + 11. Let q be n(-5). What is the hundreds digit of h(q)?
3
Suppose 63*j + 194018 = 85*j. What is the hundreds digit of j?
8
Suppose -62*c + 1102940 = 7*c + 39305. What is the thousands digit of c?
5
Suppose -25 = -5*m, -2*m - 13 = 2*i - 7*m. Suppose 16 = -2*o - i*o. What is the units digit of (19/o)/(5/(-30))?
7
Suppose 0 = 5*c - 0*c - 2*s - 24244, 2*c - 9700 = 2*s. Suppose -17*n = -18363 + c. What is the hundreds digit of n?
7
Suppose -4*t - 166 = -1914. Let a = -329 + t. What is the hundreds digit of a?
1
Let p = 73 - 73. Suppose p = -14*d + 2 + 26. Suppose 888 = -d*j + 10*j. What is the hundreds digit of j?
1
Let x(k) be the second derivative of 37*k**4/24 - 53*k**3/6 + 7*k**2 + 34*k. Let b(w) be the first derivative of x(w). What is the hundreds digit of b(8)?
2
Let c(v) = 9191*v**2 - 42*v + 113. What is the hundreds digit of c(2)?
7
Suppose -16*f + 20*f = -2*i + 5996, -2*i + 3*f + 5982 = 0. What is the tens digit of i?
9
Let q = 6649 - 1329. What is the thousands digit of q?
5
Let v be 2*2/8*-658. Let r = v + 607. What is the hundreds digit of r?
2
Let n(o) = 8*o**3 - o**2 - o + 5. Let i be n(2). What is the units digit of 1620/i + (-4)/(-14)?
6
Let g(b) = 13*b**2 - 67*b + 471. What is the units digit of g(24)?
1
Suppose -18*p = -27*p + 24696. Let x = -1063 + p. What is the tens digit of x?
8
Let s(k) = 40*k - 169. Let v be s(6). Suppose -63*r - 14208 = -v*r. What is the tens digit of r?
7
Suppose 29*c + 90997 - 538554 = 0. What is the tens digit of c?
3
Let j = 883 - 883. Suppose 4*p = -2*f + 2446, -4*p + j*p - f + 2451 = 0. What is the hundreds digit of p?
6
Let b(x) = 159*x**2 + 6*x + 5. Let q(l) = -18*l + 17. Let m be q(1). What is the units digit of b(m)?
8
Let x be 81/2 + 12/8. Suppose -x = -3*o - 30. Suppose k - 3*t = -0*t + 230, -o*t + 1055 = 5*k. What is the tens digit of k?
1
Let w = 20 + -15. Suppose -w = -4*r + 3*r. Suppose -3*n + 13 = 4*v - 3, 5*v - 20 = -r*n. What is the units digit of v?
4
Suppose 4*g = -u - 1171, u - 3*g = -709 - 476. Let v = u + 1680. What is the hundreds digit of v?
5
Let q be (18/(-4) - -5)*0/(-2). Suppose q = 3*n + 12 + 6. What is the units digit of 1*317/3 - (-4)/n?
5
Suppose -750*g = -761*g + 75867. What is the tens digit of g?
9
Let t = 38 - 38. Suppose t = 17*m - 19*m + 1464. What is the tens digit of m?
3
Suppose -17*u - 22*u + 264270 = -29*u. What is the thousands digit of u?
6
Let q = 24 - 8. Let b be ((-120)/(-42))/((-2)/(-14)). What is the tens digit of b/2*(q + -12)?
4
Let n(r) = 6*r + 154. Let g(t) = 21*t - 41. Let b be g(3). What is the tens digit of n(b)?
8
What is the hundreds digit of (-10)/(-35) - ((-1581150)/35 + 2 + -1)?
1
Suppose 0*l = -2*l - 4*n + 4, 10 = 5*n. Let r be 1 - l/(-3) - (-8)/(-24). Suppose j - 4*j + 9 = r, -950 = -5*x - 5*j. What is the hundreds digit of x?
1
Suppose 7041 = 36*r + 453. What is the hundreds digit of r/4*(-196)/(-21)?
4
Let m = 14878 + -3543. What is the hundreds digit of m?
3
Let u = -49309 - -71082. What is the tens digit of u?
7
Let l be 6/(2*(-2)/(-60)). Suppose 0 = 85*o - l*o + 10000. Suppose -o = -4*a - 6*a. What is the hundreds digit of a?
2
Let r = 60508 - 43091. What is the ten thousands digit of r?
1
Suppose -4*f + 51318 = 3*n, n = -529*f + 525*f + 17114. What is the ten thousands digit of n?
1
Suppose -3*q + 12 = 6. Suppose -65 = -q*g - 5. What is the tens digit of g?
3
Suppose -5*j + 461469 = b, 4*b - 369216 = -4*j + 10*b. What is the units digit of j?
5
Let b be (42/(-42))/(2/(-1724)). Suppose 4*m = 2*r - b, -5*r + 5*m = -924 - 1231. What is the units digit of r?
1
Let b be ((-2)/(-3))/(2/(14 + -2)). Suppose 4*x = -b*n - n + 749, 0 = 3*n + 5*x - 439. What is the hundreds digit of (5 - 5) + 0 + n?
1
Let b be (-86)/(-2*(-3)/(-33)). Let f = 354 + -686. Let n = b + f. What is the tens digit of n?
4
Let m = 117 - 65. Let y = m + -54. Let o(g) = 19*g**2 + 4*g + 3. What is the tens digit of o(y)?
7
Let w = 11520 - 6562. What is the hundreds digit of w?
9
Let f(y) = -6*y + 18. Let i be f(9). Let s be 3 - (-2 + 5 - i). Let t = 43 + s. What is the units digit of t?
7
Let g = 7895 - 5041. What is the thousands digit of g?
2
Let o(j) = 6*j**3 - 12*j**2 - 2*j + 165. What is the tens digit of o(10)?
4
Suppose -2*g + 102*v - 40 = 105*v, 5*g - 2*v + 81 = 0. Let s(c) = -2*c - 10*c + 3*c - 16. What is the units digit of s(g)?
7
Let p(a) = 6*a**2 - 4*a + 20. Let k(w) = -w + 8. Let r be k(0). What is the hundreds digit of p(r)?
3
Let d be 2/10*5 + 26. Suppose d = 2*f + 17. Suppose -f*n = -72 - 358. What is the tens digit of n?
8
Let f be ((-111)/(-8) - 2) + (-17)/(-136). Let g(k) = 5*k - 6. What is the tens digit of g(f)?
5
Let o(i) = 8*i**3 - 2*i**2 - 21*i - 9. What is the thousands digit of o(8)?
3
Let u = -8 - -10. Suppose 4*o - 3 = -4*w - w, 5*o - 15 = 5*w. Suppose 4*t + c + o*c - 510 = 0, c + 250 = u*t. What is the hundreds digit of t?
1
Suppose 15*m = 19452 - 6627. What is the tens digit of m?
5
Suppose -3*k - 65757 = 8*z - 11*z, k - 87656 = -4*z. What is the tens digit of z?
1
Let m(w) = 2*w + 19. Let n be m(-9). Let u be n*(2 + -1) - -3. Suppose -532 + u = -8*g. What is the tens digit of g?
6
Let d be 119/(-17) + (6 - -1). Suppose d = -c - 5*p + 1030 + 915, c - 1921 = 3*p. What is the tens digit of c?
3
Let j be 1 + 429/((-1)/1). Let k = 1891 - 1284. Let n = k + j. What is the tens digit of n?
7
Suppose 0 = -395*p + 2160156 + 1866869 + 449510. What is the tens digit of p?
3
Let f(x) = -x. Let r(v) = v**2 - 6*v - 9. Let c(p) = 6*f(p) + r(p). Let s be c(13). Suppose 3*k + s*m + 0*m = 491, -3 = 3*m. What is the hundreds digit of k?
1
Suppose 0 = -q + 2*q - 3. Suppose -3*v - 50 = -2*g + 93, 0 = -3*v + q. Let c = 114 - g. What is the units digit of c?
1
Let v(a) = -20*a**2 - 6*a - 52. Let d(j) = -39*j**2 - 13*j - 106. Let w(g) = 6*d(g) - 13*v(g). What is the units digit of w(7)?
4
Let i = -866 + 470. Let k = i + 628. Suppose -f + p = 4*p - 58, -k = -4*f + 4*p. What is the units digit of f?
8
Let x(g) = 18*g - 7. Let i be x(-4). Let h = i - -99. Suppose -h*o + 672 = -17*o. What is the units digit of o?
4
Let p be 3 - 298/((-12)/6). Let f = 200 - p. What is the units digit of f?
8
Suppose -274*t - 394268 = -149*t - 153*t. What